{"id":1085,"date":"2020-01-29T11:23:17","date_gmt":"2020-01-29T10:23:17","guid":{"rendered":"http:\/\/mezoszemere.hu\/web\/?page_id=1085"},"modified":"2025-08-11T14:50:06","modified_gmt":"2025-08-11T13:50:06","slug":"gyogyszertar","status":"publish","type":"page","link":"http:\/\/mezoszemere.hu\/web\/orvosi-rendelo-mezoszemere\/gyogyszertar\/","title":{"rendered":"Gy\u00f3gyszert\u00e1r"},"content":{"rendered":"<p><!--more--><\/p>\n<div>\n<p class=\"hidden-xs\"><em><strong>A legk\u00f6zelebb el\u00e9rhet\u0151 Gy\u00f3gyszert\u00e1rak<\/strong><\/em><\/p>\n<div><em><strong><a href=\"http:\/\/www.cylex-tudakozo.hu\/ceg-info\/krist%c3%a1ly-gy%c3%b3gyszert%c3%a1r-64330.html\" target=\"_blank\" rel=\"noopener\">M\u00e1ty\u00e1s Kir\u00e1ly Gy\u00f3gyszert\u00e1r<\/a><\/strong><\/em><br \/>\nT\u00e1vols\u00e1g:16.26 km<br \/>\nR\u00e1k\u00f3czi Utca 10.<br \/>\n3390 <a href=\"http:\/\/www.cylex-tudakozo.hu\/f%c3%bczesabony\/\">F\u00fczesabony<\/a><\/div>\n<dl class=\"c-contact\">\n<dt>Telefon:(36) 341 858<\/dt>\n<dt>Fax:(36) 343 402<\/dt>\n<dt>Fax:(36) 341 858<\/dt>\n<\/dl>\n<div class=\"address-container\"><em><strong><a href=\"http:\/\/www.cylex-tudakozo.hu\/ceg-info\/krist%c3%a1ly-gy%c3%b3gyszert%c3%a1r-64330.html\" target=\"_blank\" rel=\"noopener\">Krist\u00e1ly Gy\u00f3gyszert\u00e1r<\/a><\/strong><\/em><br \/>\nT\u00e1vols\u00e1g: 5.54 km<\/div>\n<p><span class=\"adr\"><span class=\"street-address\">Hunyadi \u00fat 33.<\/span><br \/>\n<span class=\"postal-code\">3377<\/span>&nbsp; <span class=\"locality\">Szihalom<\/span><\/span><\/p>\n<p><strong>Telefon: (36) 492 002<\/strong><\/p>\n<div class=\"address-container\"><em><strong><a href=\"http:\/\/www.cylex-tudakozo.hu\/ceg-info\/pelik%c3%a1n-gy%c3%b3gyszert%c3%a1r-63933.html\" target=\"_blank\" rel=\"noopener\">Pelik\u00e1n Gy\u00f3gyszert\u00e1r<\/a><\/strong><\/em><br \/>\nT\u00e1vols\u00e1g: 12.08 km<\/div>\n<p><span class=\"adr\"><span class=\"street-address\">Szabads\u00e1g \u00fat 11.<\/span><br \/>\n<span class=\"postal-code\">3390<\/span>&nbsp; <span class=\"locality\">F\u00fczesabony<\/span><\/span><\/p>\n<dl class=\"c-contact\">\n<dt><strong>Telefon:(36) 542 245<\/strong><\/dt>\n<dt><strong>Telefon:(36) 342 141<\/strong><\/dt>\n<\/dl>\n<\/div>\n","protected":false},"excerpt":{"rendered":"","protected":false},"author":2,"featured_media":0,"parent":291,"menu_order":0,"comment_status":"closed","ping_status":"closed","template":"","meta":{"ngg_post_thumbnail":0,"footnotes":""},"class_list":["post-1085","page","type-page","status-publish","hentry"],"_links":{"self":[{"href":"http:\/\/mezoszemere.hu\/web\/wp-json\/wp\/v2\/pages\/1085","targetHints":{"allow":["GET"]}}],"collection":[{"href":"http:\/\/mezoszemere.hu\/web\/wp-json\/wp\/v2\/pages"}],"about":[{"href":"http:\/\/mezoszemere.hu\/web\/wp-json\/wp\/v2\/types\/page"}],"author":[{"embeddable":true,"href":"http:\/\/mezoszemere.hu\/web\/wp-json\/wp\/v2\/users\/2"}],"replies":[{"embeddable":true,"href":"http:\/\/mezoszemere.hu\/web\/wp-json\/wp\/v2\/comments?post=1085"}],"version-history":[{"count":5,"href":"http:\/\/mezoszemere.hu\/web\/wp-json\/wp\/v2\/pages\/1085\/revisions"}],"predecessor-version":[{"id":2609,"href":"http:\/\/mezoszemere.hu\/web\/wp-json\/wp\/v2\/pages\/1085\/revisions\/2609"}],"up":[{"embeddable":true,"href":"http:\/\/mezoszemere.hu\/web\/wp-json\/wp\/v2\/pages\/291"}],"wp:attachment":[{"href":"http:\/\/mezoszemere.hu\/web\/wp-json\/wp\/v2\/media?parent=1085"}],"curies":[{"name":"wp","href":"https:\/\/api.w.org\/{rel}","templated":true}]}}