{"id":1896,"date":"2022-04-23T18:43:24","date_gmt":"2022-04-23T17:43:24","guid":{"rendered":"http:\/\/mezoszemere.hu\/web\/?page_id=1896"},"modified":"2022-04-23T18:51:57","modified_gmt":"2022-04-23T17:51:57","slug":"telepulesunkrol","status":"publish","type":"page","link":"http:\/\/mezoszemere.hu\/web\/telepulesunkrol\/","title":{"rendered":"Telep\u00fcl\u00e9s\u00fcnkr\u0151l"},"content":{"rendered":"<p>Ebben a men\u00fcben telep\u00fcl\u00e9s\u00fcnk t\u00f6rt\u00e9net\u00e9r\u0151l, l\u00e1tnival\u00f3ir\u00f3l olvashat.<\/p>\n<p><a href=\"http:\/\/mezoszemere.hu\/web\/tortenet\/\">Telep\u00fcl\u00e9s\u00fcnk T\u00f6rt\u00e9nete<\/a><\/p>\n<p><a href=\"http:\/\/mezoszemere.hu\/web\/latnivalok\/\">Mez\u0151szemere l\u00e1tnival\u00f3i<\/a><\/p>\n<p><a href=\"http:\/\/mezoszemere.hu\/web\/tortenet\/mezoszemere-kulterulet-nevei\/\">Mez\u0151szemere k\u00fclter\u00fcleti nevei<\/a><\/p>\n<p><a href=\"http:\/\/mezoszemere.hu\/web\/kepeslapok\/\">K\u00e9peslapok<\/a><\/p>\n","protected":false},"excerpt":{"rendered":"<p>Ebben a men\u00fcben telep\u00fcl\u00e9s\u00fcnk t\u00f6rt\u00e9net\u00e9r\u0151l, l\u00e1tnival\u00f3ir\u00f3l olvashat. Telep\u00fcl\u00e9s\u00fcnk T\u00f6rt\u00e9nete Mez\u0151szemere l\u00e1tnival\u00f3i Mez\u0151szemere k\u00fclter\u00fcleti nevei K\u00e9peslapok<\/p>\n","protected":false},"author":2,"featured_media":0,"parent":0,"menu_order":0,"comment_status":"closed","ping_status":"closed","template":"","meta":{"ngg_post_thumbnail":0,"footnotes":""},"class_list":["post-1896","page","type-page","status-publish","hentry"],"_links":{"self":[{"href":"http:\/\/mezoszemere.hu\/web\/wp-json\/wp\/v2\/pages\/1896","targetHints":{"allow":["GET"]}}],"collection":[{"href":"http:\/\/mezoszemere.hu\/web\/wp-json\/wp\/v2\/pages"}],"about":[{"href":"http:\/\/mezoszemere.hu\/web\/wp-json\/wp\/v2\/types\/page"}],"author":[{"embeddable":true,"href":"http:\/\/mezoszemere.hu\/web\/wp-json\/wp\/v2\/users\/2"}],"replies":[{"embeddable":true,"href":"http:\/\/mezoszemere.hu\/web\/wp-json\/wp\/v2\/comments?post=1896"}],"version-history":[{"count":6,"href":"http:\/\/mezoszemere.hu\/web\/wp-json\/wp\/v2\/pages\/1896\/revisions"}],"predecessor-version":[{"id":1904,"href":"http:\/\/mezoszemere.hu\/web\/wp-json\/wp\/v2\/pages\/1896\/revisions\/1904"}],"wp:attachment":[{"href":"http:\/\/mezoszemere.hu\/web\/wp-json\/wp\/v2\/media?parent=1896"}],"curies":[{"name":"wp","href":"https:\/\/api.w.org\/{rel}","templated":true}]}}