{"id":51,"date":"2017-12-14T13:34:50","date_gmt":"2017-12-14T12:34:50","guid":{"rendered":"http:\/\/rolandvarga.hu\/teszt\/?page_id=51"},"modified":"2026-04-02T10:18:48","modified_gmt":"2026-04-02T09:18:48","slug":"kozsegi-onkormanyzat","status":"publish","type":"page","link":"http:\/\/mezoszemere.hu\/web\/kozsegi-onkormanyzat\/","title":{"rendered":"K\u00f6zs\u00e9gi \u00d6nkorm\u00e1nyzat"},"content":{"rendered":"<p><em><strong>C\u00edm: 3378 Mez\u0151szemere, M\u00e1jus 1 \u00fat 36.<\/strong><\/em><\/p>\n<p><em><strong>Tel\/Fax: 06\/36\/490-000<\/strong><\/em><\/p>\n<p><a href=\"http:\/\/mezoszemere.hu\/web\/wp-content\/uploads\/2019\/10\/Onkormanyzat.jpg\"><img loading=\"lazy\" decoding=\"async\" class=\"size-full wp-image-985\" src=\"http:\/\/mezoszemere.hu\/web\/wp-content\/uploads\/2019\/10\/Onkormanyzat.jpg\" alt=\"\" width=\"448\" height=\"285\"><\/a><\/p>\n<p><em><strong>&nbsp;&nbsp;&nbsp;&nbsp;&nbsp;&nbsp;&nbsp;&nbsp;&nbsp;&nbsp;&nbsp;<\/strong><\/em><\/p>\n<h3><em><strong>Polg\u00e1rmester:&nbsp;Jakab G\u00e1bor<\/strong><\/em><em><strong>&nbsp; &nbsp; &nbsp; &nbsp; &nbsp; &nbsp;<a href=\"http:\/\/mezoszemere.hu\/web\/kozsegi-onkormanyzat\/jg1\/\" rel=\"attachment wp-att-1072\"><img loading=\"lazy\" decoding=\"async\" class=\"alignnone wp-image-1072\" src=\"http:\/\/mezoszemere.hu\/web\/wp-content\/uploads\/2020\/01\/jg1-348x400.jpg\" alt=\"\" width=\"172\" height=\"198\" srcset=\"http:\/\/mezoszemere.hu\/web\/wp-content\/uploads\/2020\/01\/jg1-348x400.jpg 348w, http:\/\/mezoszemere.hu\/web\/wp-content\/uploads\/2020\/01\/jg1-768x883.jpg 768w, http:\/\/mezoszemere.hu\/web\/wp-content\/uploads\/2020\/01\/jg1-891x1024.jpg 891w\" sizes=\"auto, (max-width: 172px) 100vw, 172px\" \/><\/a><\/strong><\/em><\/h3>\n<p>&nbsp;<\/p>\n<p>&nbsp;<\/p>\n<p>K\u00e9pvisel\u0151k:&nbsp; &nbsp; &nbsp; &nbsp; &nbsp; &nbsp; &nbsp;Bogd\u00e1n Patrik R\u00f3bert<\/p>\n<p>&nbsp;&nbsp;&nbsp;&nbsp;&nbsp;&nbsp;&nbsp;&nbsp;&nbsp;&nbsp;&nbsp;&nbsp;&nbsp;&nbsp;&nbsp;&nbsp;&nbsp;&nbsp;&nbsp;&nbsp;&nbsp;&nbsp;&nbsp;&nbsp;&nbsp;&nbsp;&nbsp;&nbsp;&nbsp;&nbsp; Bozsoki R\u00f3bert<\/p>\n<p>&nbsp;&nbsp;&nbsp;&nbsp;&nbsp;&nbsp;&nbsp;&nbsp;&nbsp;&nbsp;&nbsp;&nbsp;&nbsp;&nbsp;&nbsp;&nbsp;&nbsp;&nbsp;&nbsp;&nbsp;&nbsp;&nbsp;&nbsp;&nbsp;&nbsp;&nbsp;&nbsp;&nbsp;&nbsp;&nbsp; Bozsokin\u00e9 Kelemen Zsuzsanna<\/p>\n<p>&nbsp;&nbsp;&nbsp;&nbsp;&nbsp;&nbsp;&nbsp;&nbsp;&nbsp;&nbsp;&nbsp;&nbsp;&nbsp;&nbsp;&nbsp;&nbsp;&nbsp;&nbsp;&nbsp;&nbsp;&nbsp;&nbsp;&nbsp;&nbsp;&nbsp;&nbsp;&nbsp;&nbsp;&nbsp;&nbsp; Bukta Gy\u00f6rgyn\u00e9<\/p>\n<p>&nbsp;&nbsp;&nbsp;&nbsp;&nbsp;&nbsp;&nbsp;&nbsp;&nbsp;&nbsp;&nbsp;&nbsp;&nbsp;&nbsp;&nbsp;&nbsp;&nbsp;&nbsp;&nbsp;&nbsp;&nbsp;&nbsp;&nbsp;&nbsp;&nbsp;&nbsp;&nbsp;&nbsp;&nbsp;&nbsp; T\u00f3th R\u00f3bert<\/p>\n<p>&nbsp;&nbsp;&nbsp;&nbsp;&nbsp;&nbsp;&nbsp;&nbsp;&nbsp;&nbsp;&nbsp;&nbsp;&nbsp;&nbsp;&nbsp;&nbsp;&nbsp;&nbsp;&nbsp;&nbsp;&nbsp;&nbsp;&nbsp;&nbsp;&nbsp;&nbsp;&nbsp;&nbsp;&nbsp;&nbsp; T\u00f3th Bal\u00e1zs<\/p>\n","protected":false},"excerpt":{"rendered":"<p>C\u00edm: 3378 Mez\u0151szemere, M\u00e1jus 1 \u00fat 36. Tel\/Fax: 06\/36\/490-000 &nbsp;&nbsp;&nbsp;&nbsp;&nbsp;&nbsp;&nbsp;&nbsp;&nbsp;&nbsp;&nbsp; Polg\u00e1rmester:&nbsp;Jakab G\u00e1bor&nbsp; &nbsp; &nbsp; &nbsp; &nbsp; &nbsp; &nbsp; &nbsp; K\u00e9pvisel\u0151k:&nbsp; &nbsp; &nbsp; &nbsp; &nbsp; &nbsp; &nbsp;Bogd\u00e1n Patrik R\u00f3bert &nbsp;&nbsp;&nbsp;&nbsp;&nbsp;&nbsp;&nbsp;&nbsp;&nbsp;&nbsp;&nbsp;&nbsp;&nbsp;&nbsp;&nbsp;&nbsp;&nbsp;&nbsp;&nbsp;&nbsp;&nbsp;&nbsp;&nbsp;&nbsp;&nbsp;&nbsp;&nbsp;&nbsp;&nbsp;&nbsp; Bozsoki &hellip; <\/p>\n","protected":false},"author":2,"featured_media":0,"parent":0,"menu_order":0,"comment_status":"closed","ping_status":"closed","template":"","meta":{"ngg_post_thumbnail":0,"footnotes":""},"class_list":["post-51","page","type-page","status-publish","hentry"],"_links":{"self":[{"href":"http:\/\/mezoszemere.hu\/web\/wp-json\/wp\/v2\/pages\/51","targetHints":{"allow":["GET"]}}],"collection":[{"href":"http:\/\/mezoszemere.hu\/web\/wp-json\/wp\/v2\/pages"}],"about":[{"href":"http:\/\/mezoszemere.hu\/web\/wp-json\/wp\/v2\/types\/page"}],"author":[{"embeddable":true,"href":"http:\/\/mezoszemere.hu\/web\/wp-json\/wp\/v2\/users\/2"}],"replies":[{"embeddable":true,"href":"http:\/\/mezoszemere.hu\/web\/wp-json\/wp\/v2\/comments?post=51"}],"version-history":[{"count":9,"href":"http:\/\/mezoszemere.hu\/web\/wp-json\/wp\/v2\/pages\/51\/revisions"}],"predecessor-version":[{"id":2716,"href":"http:\/\/mezoszemere.hu\/web\/wp-json\/wp\/v2\/pages\/51\/revisions\/2716"}],"wp:attachment":[{"href":"http:\/\/mezoszemere.hu\/web\/wp-json\/wp\/v2\/media?parent=51"}],"curies":[{"name":"wp","href":"https:\/\/api.w.org\/{rel}","templated":true}]}}