{"id":57,"date":"2017-12-14T14:04:55","date_gmt":"2017-12-14T13:04:55","guid":{"rendered":"http:\/\/rolandvarga.hu\/teszt\/?page_id=57"},"modified":"2026-04-02T11:15:40","modified_gmt":"2026-04-02T10:15:40","slug":"mezoszemereiovoda","status":"publish","type":"page","link":"http:\/\/mezoszemere.hu\/web\/mezoszemereiovoda\/","title":{"rendered":"Mez\u0151szemerei \u00d3voda"},"content":{"rendered":"<div class=\"box wsw\">\n<div class=\"boxContentBorder\">\n<div class=\"boxContent\">\n<p><a href=\"http:\/\/mezoszemere.hu\/web\/mezoszemereiovoda\/olympus-digital-camera-2\/\" rel=\"attachment wp-att-1079\"><img loading=\"lazy\" decoding=\"async\" class=\"size-full wp-image-1079\" src=\"http:\/\/mezoszemere.hu\/web\/wp-content\/uploads\/2020\/01\/P6043784.jpg\" alt=\"\" width=\"448\" height=\"336\"><\/a><\/p>\n<p align=\"center\">C\u00edm: 3378 Mez\u0151szemere, Somogyi B\u00e9la \u00fat 2.<\/p>\n<p align=\"center\">Tel: 06\/36\/490-155<\/p>\n<p align=\"center\">Ad\u00f3sz\u00e1m: 16745140-1-10<\/p>\n<p align=\"center\">\u00d3vodaigazgat\u00f3:<\/p>\n<p align=\"center\"><strong>T\u00f6r\u00f6k Erika<\/strong><\/p>\n<p align=\"center\">\u00d3v\u00f3n\u0151:<\/p>\n<p align=\"center\"><b>Suha-N\u00e9meth Nikolett<\/b><\/p>\n<p align=\"center\">Pedag\u00f3giai asszisztens:<strong><br \/>\n<\/strong><\/p>\n<p align=\"center\"><strong>M\u00e9sz\u00e1ros J\u00f3zsefn\u00e9, Bong\u00e1rn\u00e9 Kolozsv\u00e1ri Ren\u00e1ta<\/strong><\/p>\n<p align=\"center\">Dajk\u00e1k:<\/p>\n<p align=\"center\"><strong>Kissn\u00e9 K\u00fcrti Ildik\u00f3<\/strong><\/p>\n<p align=\"center\"><strong>Zloch-Fodor Vivien<\/strong><\/p>\n<p align=\"center\">&nbsp;<\/p>\n<\/div>\n<\/div>\n<\/div>\n<div class=\"cleaner\">&nbsp;<\/div>\n<div class=\"rbcWidgetArea\"><iframe loading=\"lazy\" src=\"https:\/\/maps.google.hu\/maps?f=q&amp;source=s_q&amp;hl=hu&amp;geocode=&amp;q=Mez%C5%91szemere,+Somogyi+B%C3%A9la+%C3%BAt+2&amp;aq=0&amp;oq=Mez%C5%91szemere,+Somogyi+B%C3%A9la+%C3%BAt+2&amp;sll=47.742296,20.521603&amp;sspn=0.012135,0.01929&amp;ie=UTF8&amp;hq=&amp;hnear=3378+Mez%C5%91szemere,+Somogyi+B%C3%A9la+%C3%BAt+2&amp;ll=47.742296,20.521603&amp;spn=0.012135,0.01929&amp;t=m&amp;z=14&amp;output=embed\" width=\"700\" height=\"400\" frameborder=\"0\" marginwidth=\"0\" marginheight=\"0\" scrolling=\"no\" data-mce-fragment=\"1\">&lt;span data-mce-type=&#8221;bookmark&#8221; style=&#8221;display: inline-block; width: 0px; overflow: hidden; line-height: 0;&#8221; class=&#8221;mce_SELRES_start&#8221;&gt;\ufeff&lt;\/span&gt;<\/iframe><\/div>\n<p>&nbsp;<\/p>\n","protected":false},"excerpt":{"rendered":"<p>C\u00edm: 3378 Mez\u0151szemere, Somogyi B\u00e9la \u00fat 2. Tel: 06\/36\/490-155 Ad\u00f3sz\u00e1m: 16745140-1-10 \u00d3vodaigazgat\u00f3: T\u00f6r\u00f6k Erika \u00d3v\u00f3n\u0151: Suha-N\u00e9meth Nikolett Pedag\u00f3giai asszisztens: M\u00e9sz\u00e1ros J\u00f3zsefn\u00e9, Bong\u00e1rn\u00e9 Kolozsv\u00e1ri Ren\u00e1ta Dajk\u00e1k: Kissn\u00e9 K\u00fcrti Ildik\u00f3 Zloch-Fodor Vivien &hellip; <\/p>\n","protected":false},"author":2,"featured_media":0,"parent":0,"menu_order":0,"comment_status":"closed","ping_status":"closed","template":"","meta":{"ngg_post_thumbnail":0,"footnotes":""},"class_list":["post-57","page","type-page","status-publish","hentry"],"_links":{"self":[{"href":"http:\/\/mezoszemere.hu\/web\/wp-json\/wp\/v2\/pages\/57","targetHints":{"allow":["GET"]}}],"collection":[{"href":"http:\/\/mezoszemere.hu\/web\/wp-json\/wp\/v2\/pages"}],"about":[{"href":"http:\/\/mezoszemere.hu\/web\/wp-json\/wp\/v2\/types\/page"}],"author":[{"embeddable":true,"href":"http:\/\/mezoszemere.hu\/web\/wp-json\/wp\/v2\/users\/2"}],"replies":[{"embeddable":true,"href":"http:\/\/mezoszemere.hu\/web\/wp-json\/wp\/v2\/comments?post=57"}],"version-history":[{"count":6,"href":"http:\/\/mezoszemere.hu\/web\/wp-json\/wp\/v2\/pages\/57\/revisions"}],"predecessor-version":[{"id":2719,"href":"http:\/\/mezoszemere.hu\/web\/wp-json\/wp\/v2\/pages\/57\/revisions\/2719"}],"wp:attachment":[{"href":"http:\/\/mezoszemere.hu\/web\/wp-json\/wp\/v2\/media?parent=57"}],"curies":[{"name":"wp","href":"https:\/\/api.w.org\/{rel}","templated":true}]}}