{"id":60,"date":"2017-12-14T14:20:56","date_gmt":"2017-12-14T13:20:56","guid":{"rendered":"http:\/\/rolandvarga.hu\/teszt\/?page_id=60"},"modified":"2024-09-26T15:11:51","modified_gmt":"2024-09-26T14:11:51","slug":"mezoszemerei-altalanos-iskola","status":"publish","type":"page","link":"http:\/\/mezoszemere.hu\/web\/mezoszemerei-altalanos-iskola\/","title":{"rendered":"Mez\u0151szemerei \u00c1ltal\u00e1nos Iskola"},"content":{"rendered":"<p align=\"center\">Mez\u0151t\u00e1rk\u00e1nyi \u00c1ltal\u00e1nos Iskola Mez\u0151szemerei Tagiskola<br \/>\nC\u00edm: 3378 Mez\u0151szemere, Szabads\u00e1g \u00fat 127.<br \/>\nTel\/Fax: 06\/36\/490-005<br \/>\nTel: + 36\/30\/0123-173<br \/>\nAd\u00f3sz\u00e1m: 15380528-2-10<br \/>\nE-mail:szemisko@gmail.com<br \/>\nTagint\u00e9zm\u00e9ny vezet\u0151: Vask\u00f3 -Vasasn\u00e9 D\u00f3zsa Olga<\/p>\n<p align=\"center\">&nbsp;<\/p>\n<p><iframe loading=\"lazy\" style=\"border: 0;\" src=\"https:\/\/www.google.com\/maps\/embed?pb=!1m18!1m12!1m3!1d948.5431253271643!2d20.520641341066213!3d47.7448839490636!2m3!1f0!2f0!3f0!3m2!1i1024!2i768!4f13.1!3m3!1m2!1s0x4740e9ff000ecff1%3A0x2733a4589b619131!2zTWV6xZFzemVtZXJlLCBTemFiYWRzw6FnIMO6dCAxMjcsIDMzNzggTWFneWFyb3JzesOhZw!5e0!3m2!1shu!2sus!4v1513256750929\" width=\"700\" height=\"400\" frameborder=\"0\" allowfullscreen=\"allowfullscreen\"><\/iframe><\/p>\n","protected":false},"excerpt":{"rendered":"<p>Mez\u0151t\u00e1rk\u00e1nyi \u00c1ltal\u00e1nos Iskola Mez\u0151szemerei Tagiskola C\u00edm: 3378 Mez\u0151szemere, Szabads\u00e1g \u00fat 127. Tel\/Fax: 06\/36\/490-005 Tel: + 36\/30\/0123-173 Ad\u00f3sz\u00e1m: 15380528-2-10 E-mail:szemisko@gmail.com Tagint\u00e9zm\u00e9ny vezet\u0151: Vask\u00f3 -Vasasn\u00e9 D\u00f3zsa Olga &nbsp;<\/p>\n","protected":false},"author":2,"featured_media":0,"parent":0,"menu_order":0,"comment_status":"closed","ping_status":"closed","template":"","meta":{"ngg_post_thumbnail":0,"footnotes":""},"class_list":["post-60","page","type-page","status-publish","hentry"],"_links":{"self":[{"href":"http:\/\/mezoszemere.hu\/web\/wp-json\/wp\/v2\/pages\/60","targetHints":{"allow":["GET"]}}],"collection":[{"href":"http:\/\/mezoszemere.hu\/web\/wp-json\/wp\/v2\/pages"}],"about":[{"href":"http:\/\/mezoszemere.hu\/web\/wp-json\/wp\/v2\/types\/page"}],"author":[{"embeddable":true,"href":"http:\/\/mezoszemere.hu\/web\/wp-json\/wp\/v2\/users\/2"}],"replies":[{"embeddable":true,"href":"http:\/\/mezoszemere.hu\/web\/wp-json\/wp\/v2\/comments?post=60"}],"version-history":[{"count":7,"href":"http:\/\/mezoszemere.hu\/web\/wp-json\/wp\/v2\/pages\/60\/revisions"}],"predecessor-version":[{"id":2441,"href":"http:\/\/mezoszemere.hu\/web\/wp-json\/wp\/v2\/pages\/60\/revisions\/2441"}],"wp:attachment":[{"href":"http:\/\/mezoszemere.hu\/web\/wp-json\/wp\/v2\/media?parent=60"}],"curies":[{"name":"wp","href":"https:\/\/api.w.org\/{rel}","templated":true}]}}